l(i) = i. Let x(u) = 7*u - 4. Let y(r) = 6*l(r) - x(r). Let n be y(6). Is ((-6)/(-9))/(n/(-39)) composite?
False
Let f(h) = h**3 + h + 265. Is f(0) a composite number?
True
Suppose 2*f - 4 = 0, 2*s = -0*f + 2*f + 6. Suppose -s*n + 115 = -0*n. Is n prime?
True
Suppose 5*y - 3*n - 179 = 3*y, 3*y - 249 = -2*n. Is y a composite number?
True
Suppose -4*w + 19 + 560 = 5*g, -4*g + 457 = -3*w. Is g a prime number?
False
Suppose -25*f + 7405 = -20*f. Is f composite?
False
Suppose d = -4, 7*n + 306 = 10*n + 3*d. Is n a composite number?
True
Suppose -3*z - 2 = j, 17 = 3*j + 5. Let k(p) = p**3 - 2*p**2 - 4*p - 3. Let x be k(z). Is (-35)/x + (-14)/77 composite?
False
Let t be 228/14 - 10/35. Suppose y - 35 = t. Suppose 5*p = 146 - y. Is p composite?
False
Let z = -222 - -123. Let y = z - -188. Is y prime?
True
Suppose r = -0*t + t - 7, 3*t + 4*r = 0. Suppose 3*w - 16 + 93 = -z, 2*z = -t*w - 104. Let o = -18 - w. Is o a composite number?
False
Let z be (-1 - 3)/(-8)*6. Suppose -z*b = -110 - 151. Is b a prime number?
False
Let a(o) = 10*o**2 + 5*o - 5. Let b be a(-5). Suppose 0 = -4*u - 3*m + b, -3*u - u = -m - 220. Is u prime?
False
Suppose -30 = 2*c - 5*c. Let h(z) = 3*z**2 - 9*z + 13. Is h(c) a prime number?
True
Let v(d) = -d + 6 + 7 + 2*d. Let w be v(-10). Suppose 733 = 5*h - w*j, 6*h + 5*j - 616 = 2*h. Is h prime?
True
Suppose -5*v + 71 = -564. Is v composite?
False
Suppose -t + 3 = -0. Let m(k) = 19*k + 3. Let y be m(t). Suppose -p = 3*i - 8, -3*i - y + 2 = -5*p. Is p a composite number?
False
Suppose -4*p = -5*q + 33, -5*q + 38 = p + 15. Suppose -4*f + 2*f - q*h + 131 = 0, -3*h = -15. Is f prime?
True
Let t(i) = 5*i**3 - 47*i**2 - 17*i + 2. Let j(z) = -2*z**3 + 16*z**2 + 6*z - 1. Let p(f) = 8*j(f) + 3*t(f). Let a be (-1 - -5)*52/(-16). Is p(a) composite?
False
Let t be (-392)/(-6) + (-4)/(-6). Suppose -297 = -3*k - t. Is k composite?
True
Suppose 3 - 5 = i. Is 2*(i - 220/(-8)) a composite number?
True
Let p be ((-2)/(-1))/(-1 - 0). Is 3 + 181 + (-6)/p a composite number?
True
Is (-565)/5*(-1 + 0) prime?
True
Let n(k) = 2*k - 3. Let q be n(5). Let s(w) = 10*w + 1. Let a(g) = -9*g - 2. Let l(i) = -6*a(i) - 5*s(i). Is l(q) composite?
True
Suppose -3*x + z = -28, 0*z - 5*z = 3*x - 4. Let c be x/28 + (-88)/14. Is c/6 - (-133 + 1) a composite number?
False
Suppose -4*c + 2*c = -658. Is c prime?
False
Suppose 3*s = 4*b + 34, -s = 4*s + 3*b - 47. Is s prime?
False
Let z be 859/3 - 14/(-21). Let a = z - 190. Is a composite?
False
Suppose -3 = -2*k + 3. Suppose k*v + 8 - 35 = -2*z, 0 = -2*v - 3*z + 23. Suppose b + v = 28. Is b a composite number?
True
Suppose -1 = 5*c + 9. Let t be (1 + (-5)/2)*c. Suppose t*x = -15, -2*y - 2*x + 5 = -55. Is y a composite number?
True
Suppose -3*l - 6 = -2*k, 0 = -8*k + 3*k + 3*l - 3. Let j(w) = -3*w**3 - 2*w**2 + 2*w - 4. Is j(k) composite?
False
Let f(a) = 59*a**2 + a + 1. Is f(-1) a prime number?
True
Suppose -2*h - 5*u + 3195 = 0, -4740 = -2*h - h + 3*u. Is h prime?
False
Let d(i) = -i**3 - 14*i**2 - 13*i. Let n be d(-13). Let b be 0*1/2 - -3. Suppose n*p - 21 = -b*p. Is p composite?
False
Suppose -5*c = -1171 - 3214. Is c a prime number?
True
Let u(q) = 28*q - 5. Let k(a) = -29*a + 6. Let o(n) = 4*k(n) + 5*u(n). Is o(1) composite?
False
Suppose 5*c - 3*i + 51 = -4*i, i + 29 = -3*c. Let p(u) = 2*u**2 + 8*u + 7. Is p(c) composite?
True
Let h(r) be the first derivative of -25/2*r**2 + 2*r + 2. Is h(-3) composite?
True
Let q be (-776)/(-12)*(-3)/(-2). Suppose -2*j + j = -q. Is j a composite number?
False
Is (-8)/(-4) - -28 - -1 prime?
True
Let j = -175 - -618. Is j prime?
True
Let u(s) = 41*s - 37. Is u(6) a prime number?
False
Let i(v) = 33*v**2 - 5*v + 5. Is i(2) a composite number?
False
Let s(a) = -a**3 + 11*a**2 - 6*a + 5. Is s(6) composite?
False
Suppose 55 = 2*g - 19. Is g composite?
False
Suppose -o + 24 = -3. Let r(v) = -16*v + 2. Let d be r(-5). Let n = d - o. Is n prime?
False
Suppose 2*b + 2*w - 4*w - 68 = 0, -2*b = 4*w - 86. Is b a prime number?
True
Suppose 189 = -4*h + 785. Is h*(5 + -3 - 1) a composite number?
False
Suppose 4 = -4*p + 6*p. Suppose p*n = -n. Suppose n*y - 22 = -k + 3*y, 5*k - 59 = -2*y. Is k prime?
True
Suppose 1261 = 3*a - 4*d, 2*a + 0*d = -3*d + 835. Is a a composite number?
False
Let b = -597 - -860. Is b a prime number?
True
Let d(o) = o**3 + 6*o**2 - 7*o + 2. Let h be d(-7). Suppose -2*z - i = -195, 0 = -h*i + 1 + 1. Is z prime?
True
Suppose -7*g + 13*g - 4194 = 0. Is g a prime number?
False
Let l be 2 + 4/(-1) + 6. Let x(f) = -f. Let k(z) = 9*z + 3. Let d(m) = k(m) + 2*x(m). Is d(l) a composite number?
False
Suppose -o - o = m - 1384, 0 = 5*m - 5*o - 6905. Suppose -m = -4*p + 1070. Is p prime?
True
Suppose 988 = 3*q - 347. Is q a prime number?
False
Let b = -513 + 956. Is b a prime number?
True
Suppose 0 = 2*d - i - 102, 5*i = d - 2 - 31. Is d prime?
True
Suppose -25 = -4*r - 205. Let x = r + 70. Is x prime?
False
Let n be (-96)/44 - 6/(-33). Let w(r) = 41*r**3 - r**2 + 2*r - 1. Let t be w(1). Let x = n + t. Is x a prime number?
False
Suppose -4*t + 13*x = 12*x - 472, -3*t - 5*x + 354 = 0. Is t prime?
False
Let m be 5/(-25) + 11/5. Let r be 1/((-10)/4 - -2). Is m/(-8)*r*38 prime?
True
Suppose 380 + 33 = r. Is r prime?
False
Let f(u) = u**3 + 10*u**2 - 6*u - 7. Is f(-10) a composite number?
False
Suppose -3*l + 8 = 2*l + 3*k, -3*k = -3*l. Let b = 2 - l. Let m = b - -6. Is m prime?
True
Let g be ((-7)/(-2) + -1)*2. Let x(s) = s**3 + s**2 + s. Let f(h) = -5*h**3 + 2*h**2 - 2*h - 1. Let m(u) = f(u) + 4*x(u). Is m(g) composite?
True
Let o = -2 + 4. Suppose 2*b = 4*c + o, c - 3 = 2*b - 5. Is 18 - (1 + b + -3) a composite number?
False
Let u(q) = -5 + 5*q - 7*q**3 + 8*q**3 - 6*q**2 + 2*q. Suppose 5*l = 2*a - 7*a + 45, 4*l - 2*a = 18. Is u(l) composite?
False
Let u = 2385 - 1638. Let q = u - 358. Is q a prime number?
True
Let g(i) = 6*i**2 + 6. Let m be g(-5). Let h = m - 89. Is h a prime number?
True
Let u(d) = -2*d**2 + 6*d + 3. Let c be u(3). Suppose c*v = -0*v + 177. Is v prime?
True
Let d = 14 + 5. Is d a composite number?
False
Let n(o) = 148*o - 13. Is n(9) a prime number?
True
Suppose 0 = -3*p + 2*h + 504 + 1727, 2*h = -4*p + 2970. Is p composite?
False
Let c(j) = j**3 + 4*j**2 + 5*j - 6. Let d be c(5). Suppose 2*z + d = 2*r, -r + 167 = 4*z + 20. Is r prime?
True
Let f be 4*2 + (-5 - -2). Let u(d) = d - 6. Let r be u(f). Is r*5/2*-34 prime?
False
Let g(i) = i**2 + 2*i + 3. Let v be g(-2). Suppose -322 = q - v*q. Is q a composite number?
True
Suppose 0 = 4*m - 2*j - 472, 0*m - 478 = -4*m - j. Is m prime?
False
Let t(c) = 2*c - 6. Let m be t(7). Let h(o) = -o**3 + 7*o**2 + 8*o + 7. Is h(m) a prime number?
True
Let h(t) = -20*t + 2. Let w be h(2). Let x = 60 + w. Is x a composite number?
True
Let x = -86 - -41. Let q = x - -79. Is q a prime number?
False
Let k = -88 + 909. Is k a prime number?
True
Let m(v) = 306*v + 1. Is m(1) prime?
True
Suppose -16 = 5*t + 9, 2*f - 2*t - 612 = 0. Is f composite?
True
Let w = -3 + 7. Let b be 2/8 + (-25)/w. Is 37/1 + (-12)/b a prime number?
False
Suppose -4*v = -2*v - 8. Suppose 3*p - v*p + 139 = 0. Is p prime?
True
Let b(q) be the third derivative of q**6/120 - 2*q**5/15 + q**3/2 + 3*q**2. Let a = 17 + -9. Is b(a) prime?
True
Let o be 2/(-8) + (-35)/(-28). Is 23 - ((-2)/(-2) - o) a composite number?
False
Suppose -135 = 3*u - 798. Is u a composite number?
True
Suppose 0 = s - 4*s + 51. Let k = s + 68. Is k prime?
False
Let d be -1*(3 - 2)*-61. Suppose -q - 3*q + 5*h + 125 = 0, -2*q + d = -h. Suppose -4*p + 214 - q = 0. Is p prime?
False
Let h be (-2)/3 - (-58)/6. Let d(t) = -t**2 - t + 2. Let a be d(0). Suppose -a*q + 66 + h = -3*v, v - 196 = -5*q. Is q prime?
False
Let n be 66/4 + 10/(-4) + 1. Let t be (1*3)/(3/(-2)). Is (47 + t)*5/n a prime number?
False
Let i = 278 - 129. Is i a prime number?
True
Suppose -4*p - 2*a = -42, -2*p + 3*p + 7 = 3*a. Let t(r) be the first derivative of 2*r**3/3 - 5*r**2 - 11*r - 1. Is t(p) prime?
True
Suppose -y - 4*y = 985. Let a = y - -346. Is a a prime number?
True
Is 746 + ((-12)/(-10))/(6/15) prime?
False
Suppose -2*c - 7980 = -4*t + 2*c, -2*t + 3980 = 3*c. Is t prime?
True
Let o(z) = z**2 - 3*z + 8. Let v be o(6). Suppose -q + 5*q = 3*n + 307, 5*q = 3*n + 383. Suppose 2*m - 3*d = 68, 3*m - q - v = 5*d. Is m a prim